{"id":36436,"date":"2021-09-02T08:52:13","date_gmt":"2021-09-02T08:52:13","guid":{"rendered":"https:\/\/solo.wprentals.org\/?page_id=36436"},"modified":"2025-03-29T13:31:16","modified_gmt":"2025-03-29T12:31:16","slug":"cancellation-policy","status":"publish","type":"page","link":"https:\/\/mahloa-landes.com\/index.php\/cancellation-policy\/","title":{"rendered":"Mentions l\u00e9gales"},"content":{"rendered":"\n<h4 class=\"wp-block-heading\">En acc\u00e9dant au site Web\u00a0mahloa-landes.com, l\u2019utilisateur reconna\u00eet avoir pris connaissance des pr\u00e9sentes conditions d\u2019utilisation et des dispositions concernant la collecte de donn\u00e9es personnelles, et en accepter et respecter les dispositions.<\/h4>\n\n\n\n<p><strong>\u00c9diteur<\/strong> Le Site est la propri\u00e9t\u00e9 de<strong>\u00a0<\/strong>mahlao-landes, dont le si\u00e8ge est sis :10 rue du grand jardin 77122 MONTHYON, France.<strong>T\u00e9l :\u00a0<\/strong>+33 6 67 76 77 80\u00a0<strong>Mail :\u00a0mahloa@yahoo.com  :\u00a0<\/strong> Sa forme juridique est<strong>\u00a0<\/strong>SCI, soci\u00e9t\u00e9 civile immobili\u00e8re .<\/p>\n\n\n\n<p><strong>Responsable de la Publication<\/strong><\/p>\n\n\n\n<p>Mahloa-Landes 10 rue du grand jardin 77122 MONTHYON, France.\u00a0<strong>Mail : mahloa<\/strong>@yahoo.com<\/p>\n\n\n\n<p><strong>H\u00e9bergement<\/strong><\/p>\n\n\n\n<p>L\u2019h\u00e9bergement de ce Site est assur\u00e9 par la soci\u00e9t\u00e9 :<\/p>\n\n\n\n<p><strong>J<\/strong>FLC IMMO 10 rue du grand jardin 77122 MONTHYON<\/p>\n\n\n\n<p>T\u00e9l.\u00a006 67 76 77 80\u00a0<\/p>\n\n\n\n<p><strong>Titularit\u00e9 des droits<\/strong><\/p>\n\n\n\n<p>Tous les \u00e9l\u00e9ments de ce Site internet (notamment les marques d\u00e9pos\u00e9es, noms de domaine, les textes, graphismes, charte graphique, logos, sons, photos, animations, bases de donn\u00e9es, ainsi que le Site en tant que tel) sont, \u00e0 l\u2019exclusion des \u00e9l\u00e9ments \u00e9manant de nos partenaires, la propri\u00e9t\u00e9 de\u00a0Mahloa\u00a0fait l\u2019objet d\u2019une autorisation l\u00e9gale d\u2019utilisation.<\/p>\n\n\n\n<p>La protection du Site rel\u00e8ve, par cons\u00e9quent, des l\u00e9gislations nationales et internationales relatives au droit de la propri\u00e9t\u00e9 intellectuelle dont notamment celles concernant le droit des marques, des brevets et le droit d\u2019auteur. D\u00e8s lors, toute reproduction, repr\u00e9sentation, rediffusion, utilisation, distribution, copie, d\u00e9naturation, transmission, adaptation, d\u00e9compilation, traduction, en tout ou partie, sur tout support \u00e9lectronique ou non, pr\u00e9sent ou futur, sont interdites sauf autorisation \u00e9crite, expr\u00e8s et pr\u00e9alable de\u00a0Mahloa-Landes. De m\u00eame, aucun droit ou licence ne saurait \u00eatre attribu\u00e9 sur l\u2019un quelconque des \u00e9l\u00e9ments du Site sans l\u2019autorisation \u00e9crite et pr\u00e9alable de\u00a0Mahloa-Landes\u00a0ou du tiers, d\u00e9tenteur des droits sur ces \u00e9l\u00e9ments.<\/p>\n\n\n\n<p>La violation des droits d\u00e9volus \u00e0\u00a0Mahloa-Landes\u00a0est susceptible de constituer un acte de contrefa\u00e7on, une faute civile, une atteinte au droit \u00e0 l\u2019image et aux droits des personnes, engageant les responsabilit\u00e9s civile et p\u00e9nale de tout contrevenant. Il en va ainsi notamment des images ou photographies de personnes ou de lieux figurant sur le Site, propri\u00e9t\u00e9 de\u00a0Mahloa-Landes et\/ou utilis\u00e9es par\u00a0Mahloa-Landes\u00a0avec l\u2019accord des titulaires des droits.<\/p>\n\n\n\n<p>De m\u00eame, les bases de donn\u00e9es d\u2019informations sont prot\u00e9g\u00e9es par la loi, de sorte que toute extraction ou tentative d\u2019extraction et\/ou toute r\u00e9utilisation ou tentative de r\u00e9utilisation quantitativement ou qualitativement substantielle, sont interdites \u00e0 d\u00e9faut elles sont susceptibles d\u2019engager les responsabilit\u00e9s civile et p\u00e9nale de tout contrevenant.<\/p>\n\n\n\n<p><strong>Protection des donn\u00e9es personnelles<\/strong><\/p>\n\n\n\n<p>Conform\u00e9ment au R\u00e8glement G\u00e9n\u00e9ral pour la Protection des Donn\u00e9es (RGPD) adopt\u00e9 depuis le 04 mai 2016, d\u2019apr\u00e8s le R\u00e8glement europ\u00e9en 2016 \/ 679 du 27 avril 2016 sur la protection des donn\u00e9es \u00e0 caract\u00e8re personnel, nous vous informons que des donn\u00e9es \u00e0 caract\u00e8re nominatif sur les visiteurs sont susceptibles d\u2019\u00eatre recueillies par le Site. De m\u00eame, des cookies sont \u00e9galement susceptibles d\u2019\u00eatre d\u00e9pos\u00e9s par le Site sur les appareils des visiteurs.<\/p>\n\n\n\n<p><strong>Mise en garde<\/strong><\/p>\n\n\n\n<p>Bien que\u00a0Mahloa-Landes\u00a0fasse ses meilleurs efforts pour s\u00e9curiser le Site, ses acc\u00e8s et son contenu,\u00a0Mahloa-Landes\u00a0ne saurait \u00eatre tenue pour responsable des dommages qui pourraient r\u00e9sulter de l\u2019acc\u00e8s ou de l\u2019utilisation du Site, incluant toutes d\u00e9t\u00e9riorations ou virus qui pourraient infecter votre \u00e9quipement informatique ou tout autre bien. De m\u00eame, s\u2019agissant des informations publi\u00e9es sur le Site,\u00a0Mahloa-Landes\u00a0ne saurait \u00eatre tenue pour responsable de toute erreur ou omission. Les informations contenues sur le Site n\u2019ont aucune valeur contractuelle et ne sauraient donc engager contractuellement\u00a0Mahloa-Landes\u00a0et\/ou ses filiales, le Site n\u2019ayant d\u2019autre but que d\u2019informer le public sur les activit\u00e9s de\u00a0Mahloa-Landes.<\/p>\n\n\n\n<p>Mahloa-Landes\u00a0se r\u00e9serve le droit, quelle qu\u2019en soit la raison et \u00e0 sa seule discr\u00e9tion, de supprimer, modifier, suspendre ou interrompre l\u2019acc\u00e8s \u00e0 tout ou partie du Site, y compris notamment le contenu, l\u2019adresse URL, les fonctionnalit\u00e9s ou les heures de disponibilit\u00e9, sans avis pr\u00e9alable. Vous reconnaissez et acceptez que dans le cadre de l\u2019utilisation du Site, l\u2019achat de tout l\u2019\u00e9quipement n\u00e9cessaire pour permettre la connexion \u00e0 internet et la navigation dans le Site reste \u00e0 votre charge.<\/p>\n\n\n\n<p><strong>Respect des r\u00e9glementations<\/strong><\/p>\n\n\n\n<p>Le Site est mis en place par<strong>\u00a0<\/strong>JFLC immo\u00a0dont le si\u00e8ge social est en France. Les internautes, ayant acc\u00e8s au Site \u00e0 partir d\u2019autres zones g\u00e9ographiques que la France, doivent s\u2019assurer du respect des lois localement applicables.<\/p>\n\n\n\n<p><strong>Modification des conditions<\/strong><\/p>\n\n\n\n<p>Mahloa-Landes\u00a0se r\u00e9serve le droit de modifier et d\u2019actualiser les pr\u00e9sentes conditions g\u00e9n\u00e9rales \u00e0 tout moment et sans pr\u00e9avis.<\/p>\n\n\n\n<p><strong>Cr\u00e9dits photos<\/strong><\/p>\n\n\n\n<ul class=\"wp-block-list\">\n<li><\/li>\n\n\n\n<li><\/li>\n<\/ul>\n\n\n\n<p><strong>Conception &amp; r\u00e9alisation du site<\/strong><\/p>\n\n\n\n<p>La conception et la r\u00e9alisation du site ont \u00e9t\u00e9 assur\u00e9es par la SCI :<\/p>\n\n\n\n<p>JFLC IMMO\u00a010 rue du grand jardin 77122 MONTHYON \u2013 France<\/p>\n\n\n\n<p>T\u00e9l.\u00a006 71 13 09 53\u00a0<\/p>\n\n\n\n<p>Mahloa-Landes\u00a0vous remercie de l\u2019int\u00e9r\u00eat que vous portez \u00e0 notre Site internet et vous souhaite bonne navigation.<\/p>\n","protected":false},"excerpt":{"rendered":"<p>En acc\u00e9dant au site Web\u00a0mahloa-landes.com, l\u2019utilisateur reconna\u00eet avoir pris connaissance des pr\u00e9sentes conditions d\u2019utilisation et des dispositions concernant la collecte de donn\u00e9es personnelles, et en accepter et respecter les dispositions. \u00c9diteur Le Site est la propri\u00e9t\u00e9 de\u00a0mahlao-landes, dont le si\u00e8ge est sis :10 rue du grand jardin 77122 MONTHYON, France.T\u00e9l :\u00a0+33 6 67 76 77 &#8230;<\/p>\n","protected":false},"author":2,"featured_media":0,"parent":0,"menu_order":0,"comment_status":"closed","ping_status":"closed","template":"","meta":{"inline_featured_image":false,"_monsterinsights_skip_tracking":false,"_monsterinsights_sitenote_active":false,"_monsterinsights_sitenote_note":"","_monsterinsights_sitenote_category":0,"footnotes":""},"class_list":["post-36436","page","type-page","status-publish","hentry"],"aioseo_notices":[],"_links":{"self":[{"href":"https:\/\/mahloa-landes.com\/index.php\/wp-json\/wp\/v2\/pages\/36436","targetHints":{"allow":["GET"]}}],"collection":[{"href":"https:\/\/mahloa-landes.com\/index.php\/wp-json\/wp\/v2\/pages"}],"about":[{"href":"https:\/\/mahloa-landes.com\/index.php\/wp-json\/wp\/v2\/types\/page"}],"author":[{"embeddable":true,"href":"https:\/\/mahloa-landes.com\/index.php\/wp-json\/wp\/v2\/users\/2"}],"replies":[{"embeddable":true,"href":"https:\/\/mahloa-landes.com\/index.php\/wp-json\/wp\/v2\/comments?post=36436"}],"version-history":[{"count":1,"href":"https:\/\/mahloa-landes.com\/index.php\/wp-json\/wp\/v2\/pages\/36436\/revisions"}],"predecessor-version":[{"id":37926,"href":"https:\/\/mahloa-landes.com\/index.php\/wp-json\/wp\/v2\/pages\/36436\/revisions\/37926"}],"wp:attachment":[{"href":"https:\/\/mahloa-landes.com\/index.php\/wp-json\/wp\/v2\/media?parent=36436"}],"curies":[{"name":"wp","href":"https:\/\/api.w.org\/{rel}","templated":true}]}}